7
Evaluate 0 + 13 + -9 + -4.
0
Evaluate -19 + -5 + 19 + 15.
10
What is -149 - -151 - (-3 - (4 - (2 + -2)))?
9
What is the value of 2 - ((-1 - -11) + (3 - (6 + 1)))?
-4
(-3 + -1 + -6 + 10 - 0) + -11
-11
What is 21 - (0 + 2 - ((-43 - -30) + 8))?
14
1 - (20 + -33) - 19
-5
What is the value of 2 + -1 + -3 - (-151 + 151)?
-2
Evaluate (17 - 3 - -4) + -84 + 50.
-16
3 + (-25 - -14) + -1
-9
Evaluate 12 + -22 + 9 + -13.
-14
Calculate 21 + 4 + -44 - 2.
-21
Calculate (-5 - -10 - (6 + 0)) + 14.
13
-7 + 16 + -9 - 12
-12
What is 1581 + -1593 - (-27 - 0)?
15
Evaluate -5 - (16 - (-2 - (-8 - (-12 + 9)))).
-18
Evaluate 37 - (127 + -134 + (16 - -2)).
26
-13 + 15 + -6 - (-2 - -26)
-28
What is (8 - (-8 - (-8 + -3))) + (5 - 1)?
9
5 + -3 + -23 + 17 + 21 - 2
15
What is the value of 28 - (0 + 0) - 15?
13
-4 - -15 - (8 - (2 + 0))
5
Evaluate -18 + 33 + (15 - 20).
10
(50 - 23 - 25) + (-7 - (2 + -3))
-4
Evaluate -4 - (-13 + 0 - (-3 + 5)).
11
Calculate 0 + 4 + -9 - (5 + 5 - 1).
-14
What is the value of (-8 - (-2 - (-9 + 6))) + 3?
-6
What is 9 - 19 - -3 - (-4 + -5)?
2
21 + -48 - (-72 - -37)
8
What is the value of (-2 - -1) + 36 + (-28 - 5)?
2
Calculate -49 + 59 - (5 + -2) - -4 - 5.
6
What is 25 - (13 - ((-11 - -12) + 4))?
17
Evaluate (11 - -1) + 259 + -268.
3
What is 2 + (24 - -3 - (-94 + 103))?
20
What is the value of 2 + 10 - (-17 + 15)?
14
Calculate (1 + 4 - (7 + (6 - 8))) + 20.
20
What is (-7 - (0 - 3)) + 2 + 17?
15
What is the value of -11 + 16 + (-9 + 4 - (0 - 3))?
3
Calculate 15 - 0 - (-665 + 687).
-7
What is -21 + 7 - (-7 + -20)?
13
What is 20 - (-9 + 11 + 28)?
-10
Calculate 11 + (12 - (-8 - 5 - -20)).
16
What is the value of 2 + -1 + 1 + (-14 - 4 - -19)?
3
What is (1 - 1) + 8 + (-8 - 19) - 3?
-22
Evaluate (19 - 1) + -7 + -2.
9
Calculate -49 - (-63 - -29 - -11).
-26
2 + -3 + 30 + -21
8
13 + -14 + 8 - (0 + 13) - 0
-6
(-8 + 0 - (-11 - 3)) + -2
4
Calculate 8 + -20 + 2 + 21.
11
(7 - -10) + -6 + -2
9
What is the value of (-3 - -1) + (16 - 32 - -11)?
-7
Calculate -11 + -8 + 8 + -2.
-13
What is the value of -7 + 0 - (6 - (6 + -6) - 14)?
1
What is 5 + -5 + 2 + -8 + 2?
-4
What is the value of -10 + (1 - -6 - 2) + -3 + -6?
-14
What is 2 - (-3 - (5 - ((8 - 5) + -2)))?
9
-18 + (6 - (-8 - -7)) + -7
-18
What is the value of -5 - 1 - (55 - 71)?
10
What is the value of 425 + -419 - ((0 - 0) + 18)?
-12
What is the value of (-9 - -4 - -6 - 5) + -1?
-5
What is 9 + -2 + -17 + (-2 + 2 - -7)?
-3
Calculate -12 + 41 - (-6 - (-4 + (-4 - -2))).
29
Evaluate 86 + -71 + (0 - 6).
9
Calculate (11 - -15) + (-1 - 1 - 1).
23
Calculate 1 + (-1 + 0 + 1 - (40 - 33)).
-6
What is 12 + 16 + -30 + 13 + 14?
25
What is 1 - 0 - (-2 - -1 - (15 + -13))?
4
Evaluate -2 + 7 + 5 + -24 + 2.
-12
Calculate 27 + (9 - (-10 - (-5 - 3))).
38
Calculate 5 + (-25 - -5) + 8.
-7
-12 + 16 + -11 + 9 + -12
-10
What is (16 + -34 - -19 - (-2 + -1)) + -21?
-17
What is -1 - -13 - (-323 + 352)?
-17
14 - (12 + (13 - (-12 - -9)))
-14
What is -43 - (-9 + 0 - 13)?
-21
Calculate -3 + -14 + (31 - 23) - -2.
-7
(11 + -36 - -15) + (0 - -1 - -1)
-8
What is the value of 1 - 22 - (459 + -450)?
-30
Calculate -3 - (-13 + 6) - 17.
-13
Calculate 11 + 4 + -1 - 12.
2
Calculate (-7 - (-34 + 13 - -19)) + -1 + 28.
22
Calculate -68 + 81 + -9 + 3 + -3 + -14.
-10
Evaluate 24 + -5 + -6 + (-2 + 5 - -6).
22
What is the value of -1 + -6 + -29 + -6 + 41?
-1
What is (3 - -1) + (-2 + 9 - 5 - 8)?
-2
Evaluate 5 - 1 - (-99 - -116).
-13
Evaluate 3 + (7 - 2) + 9 + -4.
13
What is 3 + (8 - 26) - -22?
7
What is 24 - (-49 + (19 - -59))?
-5
5 - ((11 - -4) + 2 - (4 - 2))
-10
What is (-2 - (2 - (-4 + 7))) + 11 + 0?
10
-82 + 63 - (3 + -45)
23
Evaluate -17 + (10 - (4 + -6 + -3 + 8)).
-10
What is -62 + 72 + (0 - -4)?
14
(-99 - -107 - (8 - 1 - -1)) + 8
8
What is (8 - 10) + 2 + -11?
-11
What is (0 - (2 - (12 + -1))) + -4?
5
-15 + ((-3 + -2 - -4) + 0 - 1)
-17
Evaluate 29 + (-7 + 39 - 58).
3
Calculate -52 - (10 + (20 - 54)).
-28
What is the value of 2 - (-4 - (-10 + 3) - 3)?
2
(5 - -6) + -12 - -4
3
Calculate 5 - ((-34 - -39) + (0 - -2)).
-2
What is (-70 - -28 - -25) + 15?
-2
What is the value of 20 + (-82 - -25) + 26?
-11
What is -4 - 14 - (-7 - (-12 - -13))?
-10
1 + (3 - -4) + -7 + -10 + 20
11
Calculate (-34 - -25) + (-3 + 4 - 2).
-10
What is -4 - (-11 - 12 - -12)?
7
-12 - (-11 - 1) - 22
-22
62 + -93 + -16 + 46
-1
(7 - (-5 + -3 - (-2 - 21))) + -4
-12
What is the value of (2 + 0 + -1 - -4) + (-169 - -161)?
-3
What is 1 - (-15 + 13) - -2?
5
Calculate -37 - (1 + -15 - (423 + -435)).
-35
What is -2 + 3 - (63 - 0 - 49)?
-13
Calculate 16 + -6 - (-22 + 33).
-1
What is the value of 21 - 2 - (3 - (-8 - -3))?
11
What is the value of 0 - (-4 - 0) - (-42 - -61)?
-15
Evaluate -2 - -1 - (5 - (-14 + 5 + -4)).
-19
What is -18 - (-25 - (-28 - -9))?
-12
What is the value of 17 - -4 - (-17 + 37)?
1
What is the value of 1 - 5 - (5 - 10 - -12)?
-11
Evaluate -35 - ((-18 - -2) + 1).
-20
Evaluate (425 - 441) + 23 + 0.
7
Calculate -203 - -201 - (10 + 2 + -2).
-12
(14 - 9 - 14) + -10 + (19 - 1)
-1
Calculate -375 + 395 + (-8 - 1).
11
What is the value of 13 + 1 - (183 + -173) - -6?
10
Evaluate (0 - -18) + -7 + 15 + (1 - 6).
21
Calculate 19 + -20 - (7 + 1).
-9
(5 - (6 + -9 + -4)) + -5
7
What is the value of -20 + -14 - (-44 + 20)?
-10
Calculate 23 + -20 + 33 - 25.
11
What is (1696 - 1684) + (-44 - 0)?
-32
Calculate 11 - (14 + -2 + -7 + -13).
19
What is the value of (-1 - -3) + 1 - (-21 + (17 - -1))?
6
1 + 2 + -9 + -190 + 198
2
What is (-20 - 23) + 83 - 22?
18
-48 + 36 + (5 - 5)
-12
What is -3 + (6 + -12 + 11 - 2)?
0
What is the value of -11 - -11 - (-6 + 19 + -7)?
-6
Evaluate 2 - (1 - -9) - (14 + -10) - -5.
-7
What is the value of -6 + 15 + -1 + 0 + 76 + -94?
-10
What is -182 - -161 - (-3 + -2)?
-16
Evaluate 22 + (-30 - (-61 + 26)).
27
Calculate -32 + -1 + -30 + 46.
-17
(314 - 317) + (-17 + 0 + 4 - 4)
-20
What is the value of (22 - 9) + (47 - 87)?
-27
Calculate (-2 - 1 - (-44 - -43)) + -6.
-8
Calculate -12 - (-35 + 21) - -9.
11
What is 18 - (7 - (-4 - -14))?
21
(25 - 25) + 16 + -30
-14
-54 - -18 - (0 + 7 + -16 + 5)
-32
Calculate (26 + -4 - 36) + 28.
14
What is the value of -11 + -7 + -8 + 26?
0
What is (-344 - -311) + 42 + 4?
13
-12 + 67 + 9 + -34
30
What is -2 - 1 - (-5 + 6 + 20 + -39)?
15
What is the value of -31 + 38 + 0 + 8 + 0?
15
Calculate -1 - (4 - (-1 + -4 - -20)).
10
Calculate (-39 - -66) + -25 + (0 - -1 - 0).
3
Evaluate 6 - 7 - (-4 - -5 - (-4 - -3)).
-3
Calculate (16 - 1) + -777 + 785.
23
Evaluate -7 + (11 - -1) + -12 + 18 - -14.
25
12 + -23 - (75 + -75)
-11
What is the value of (-109 - -122) + -2 + 6 + -15?
2
What is (0 - 0) + -28 + 16 + 14 + -6?
-4
What is the value of (116 - 139 - (-1 - -4)) + 1?
-25
What is the value of (-5 - -10) + -7 + -1 + 3?
0
(15 + -6 - 6) + -15
-12
Calculate (-4 - (-14 + 4)) + 3 + (-2 - 30).
-23
-1 + -13 - -3 - (-6 + -4 + 4)
-5
What is (-3 - (-13 + 0)) + (-18 - (0 - -5))?
-13
What is 19 + 18 + -40 - (-2 + -1 - 1)?
1
What is -1 + (-12 - (-5 + -4)) + 15?
11
-5 + 0 - (3 + (-24 - -15))
1
Evaluate (2 - 6) + (1 - 14 - (149 - 151)).
-15
What is -7 - ((-5 - -18) + -34)?
14
-37 - (-6 - -5) - -34
-2
What is 1 + (-14 - (2 - 5)) + 32?
22
-11 + 5 - (-4 - (1 + -1) - 10)
8
What is the value of -8 - (0 + -2 + (-25 - -27))?
-8
What is the value of -10 + 21 - (29 + 4 + -7 + 0)?
-15
Evaluate 0 + (11 - (0 - (-3 + 1))).
9
(7 - (6 - 12)) + -14
-1
-7 - (14 - 40 - -34)
-15
-28 + 1 + 0 - -13
-14
What is the value of 21 + -1 - (1656 - 1612)?
-24
What is -10 + 5 + (2 - -2) + 2 + 0?
1
What is the value of 7 + -20 + (21 - 8)?
0
Calculate 49 + -24 - (-5 - -16).
14
Calculate -6 - (-13 + 12) - 20 - -3.
-22
What is the value of -2 - ((11 - 21) + 2 - 1 - 2)?
9
Evaluate -3 + (-11 + 6 - -1) - (3 + -11).
1
What is -11 + -2 + (-17 + 34 - 37)?
-33
-16 + 1 - (-325 - -322)
-12
What is -13 + 0 + (2 - -9)?
-2
What is the value of 173 - 175 - (-20 - -2 - -2)?
14
What is 60 - (-23 + -39 + 90)?
32
(1 - ((0 - -13) + -16)) + -4 + 8
8
Calculate -7 + -1 + 21 - 6 - (18 + 2).
-13
What is -21 + 3 + 7 + (3 - -1) + 6?
-1
-25 + 16 - (-8 + -1)
0
What is -24 + 4 + 13 + 2?
-5
Evaluate (-2 - 3) + 9 - (21 + -11).
-6
-1 - (-3 - (18 + -12 + -32))
-24
(16 + -3 - (9 + -6 + 4)) + 4
10
Evaluate (3 + -2 + 1 - (-5 - 0)) + 12.
19
Calculate -2 + 8 - 4 - (-1 + (3 - 4)).
4
Calculate (-30 - -24) + (-16 - -8) + -1 + 2.
-13
Calculate 24 + -46 +